4 (base 9) in base 2?
-110100010
What is -da42 (base 14) in base 10?
-37690
21022 (base 4) to base 14
2dc
Convert -1a (base 12) to base 6.
-34
-285 (base 10) to base 5
-2120
40 (base 12) to base 16
30
What is -37774 (base 8) in base 10?
-16380
3a1 (base 14) to base 7
2061
What is -1011022001 (base 3) in base 15?
-6b61
What is -82c (base 14) in base 9?
-2176
What is -3345 (base 7) in base 14?
-625
Convert -22202022 (base 3) to base 2.
-1100011101100
Convert 156d (base 15) to base 16.
11fb
-64902 (base 10) to base 12
-31686
Convert -2143033 (base 5) to base 12.
-19698
-150 (base 15) to base 12
-210
Convert 1022031 (base 4) to base 2.
1001010001101
Convert 12053 (base 11) to base 13.
7b96
Convert -1a99 (base 14) to base 6.
-34223
What is 1000 (base 4) in base 10?
64
Convert -3543 (base 7) to base 12.
-909
What is -1758 (base 12) in base 5?
-42204
Convert -b17 (base 13) to base 6.
-12411
What is -107 (base 12) in base 4?
-2113
-2141 (base 6) to base 10
-493
What is 1230011 (base 4) in base 8?
15405
-70e8 (base 15) to base 12
-1196b
Convert 12a (base 16) to base 6.
1214
Convert 318 (base 15) to base 2.
1010111010
What is -1156 (base 9) in base 4?
-31131
Convert -100021 (base 3) to base 4.
-3322
Convert 1403 (base 8) to base 10.
771
Convert 1 (base 12) to base 16.
1
32003 (base 5) to base 7
6130
-1454 (base 7) to base 3
-210102
Convert -7456 (base 15) to base 5.
-1241411
What is b83 (base 13) in base 5?
30331
Convert -3b4 (base 12) to base 10.
-568
What is 101111001 (base 2) in base 8?
571
11565 (base 11) to base 10
16648
What is 123706 (base 9) in base 11?
5132a
Convert -1ac (base 15) to base 11.
-322
What is -13112321 (base 4) in base 10?
-30137
-1254 (base 12) to base 10
-2080
What is -2022 (base 13) in base 10?
-4422
Convert 110000010010 (base 2) to base 3.
11020110
What is 338 (base 10) in base 5?
2323
What is -269 (base 11) in base 9?
-382
What is b2 (base 13) in base 7?
265
What is 18e (base 15) in base 10?
359
-31501 (base 7) to base 6
-100024
What is 1011001010000 (base 2) in base 8?
13120
-405 (base 15) to base 13
-548
Convert 331421 (base 5) to base 2.
10110011011110
Convert 1224 (base 5) to base 2.
10111101
Convert -462 (base 8) to base 7.
-615
66565 (base 10) to base 7
365032
Convert -699 (base 11) to base 10.
-834
What is -13c (base 13) in base 11?
-190
What is -1332 (base 4) in base 7?
-240
-63c (base 13) to base 9
-1413
44302 (base 6) to base 11
4699
What is 212103 (base 4) in base 6?
15203
-11412 (base 5) to base 3
-1011202
What is 3015 (base 11) in base 6?
30321
-1101110110100100 (base 2) to base 14
-1696c
-294 (base 12) to base 13
-24a
What is -6042 (base 10) in base 9?
-8253
What is -110012111 (base 3) in base 13?
-4084
What is -8a16 (base 15) in base 12?
-14b33
-248b (base 16) to base 2
-10010010001011
111611 (base 8) to base 12
19a35
What is -21 (base 4) in base 13?
-9
What is 435 (base 15) in base 12?
672
2230 (base 5) to base 13
1b3
-326405 (base 7) to base 16
-e08a
Convert 2b1 (base 15) to base 6.
2504
What is 14b9 (base 12) in base 3?
10100120
Convert 122211 (base 4) to base 13.
a0b
Convert 46b (base 14) to base 2.
1101101111
Convert 59 (base 14) to base 11.
72
Convert 10101100010011 (base 2) to base 8.
25423
-1812 (base 10) to base 12
-1070
What is 212120022 (base 3) in base 12?
9b38
151003 (base 7) to base 3
1110222221
-101100 (base 3) to base 13
-186
Convert -414403 (base 5) to base 6.
-143320
Convert -202122021 (base 3) to base 14.
-56aa
Convert -12001 (base 3) to base 6.
-344
What is 122002011 (base 3) in base 16?
30a3
-12032 (base 5) to base 8
-1574
What is 5860 (base 12) in base 14?
3848
What is -bb6 (base 15) in base 4?
-221112
Convert -3942 (base 10) to base 13.
-1a43
Convert 1452022 (base 6) to base 12.
41012
202221002 (base 3) to base 7
62324
Convert 1001111101000 (base 2) to base 9.
6882
Convert -101011000111101 (base 2) to base 9.
-33250
-110011010101 (base 2) to base 4
-303111
What is -883 (base 9) in base 8?
-1323
Convert 110110111 (base 2) to base 3.
121021
What is -4023 (base 5) in base 7?
-1332
What is 75104 (base 9) in base 11?
34343
Convert -30a (base 14) to base 13.
-370
-4369 (base 12) to base 2
-1110100000001
-3016 (base 7) to base 10
-1042
2402 (base 8) to base 13
778
aaa (base 13) to base 6
12250
What is -161352 (base 7) in base 9?
-47476
33dd (base 14) to base 11
6856
-235111 (base 6) to base 10
-20563
What is 2044 (base 9) in base 3?
2001111
Convert 1443 (base 12) to base 3.
10020020
Convert 3e6 (base 16) to base 7.
2624
Convert 249 (base 16) to base 12.
409
What is 2012011020 (base 3) in base 8?
124165
What is 339 (base 15) in base 10?
729
What is 4950 (base 11) in base 12?
38b0
6f8 (base 16) to base 5
24114
Convert 647 (base 9) to base 6.
2241
-431 (base 11) to base 16
-206
What is 12102 (base 4) in base 16?
192
Convert -235454 (base 6) to base 11.
-14607
Convert 68e (base 15) to base 6.
10512
Convert -2b69 (base 12) to base 2.
-1010000000001
What is -101110011 (base 3) in base 13?
-3610
Convert -1034 (base 6) to base 16.
-ee
What is -5387 (base 12) in base 15?
-2aba
-212001 (base 3) to base 9
-761
What is 14cc (base 13) in base 11?
2315
What is -1260 (base 9) in base 13?
-579
Convert -1333001 (base 4) to base 2.
-1111111000001
4c70 (base 13) to base 3
112221222
What is 50b (base 12) in base 3?
1000002
Convert -1110021 (base 3) to base 11.
-884
-700 (base 9) to base 2
-1000110111
-2360 (base 7) to base 12
-60b
35470 (base 9) to base 13
aa43
What is 758a (base 13) in base 9?
24363
-102020022 (base 3) to base 4
-1333331
What is 17ca (base 13) in base 6?
24230
Convert b314 (base 12) to base 7.
110503
5bc1 (base 14) to base 5
1003140
-541 (base 7) to base 12
-1aa
20001212 (base 4) to base 5
2022440
Convert 3b1 (base 13) to base 11.
542
-1012 (base 11) to base 9
-1753
Convert -200076 (base 8) to base 7.
-362151
What is -427 (base 11) in base 10?
-513
Convert -1001011101001010 (base 2) to base 4.
-21131022
Convert 20c (base 14) to base 16.
194
What is -1031021 (base 4) in base 11?
-3789
What is 7b9f (base 16) in base 6?
402303
-353 (base 11) to base 8
-645
What is 277 (base 14) in base 2?
111110001
Convert -2a88 (base 12) to base 2.
-1001110001000
-12412 (base 5) to base 11
-813
Convert -1aa8 (base 12) to base 4.
-303200
-21101 (base 4) to base 13
-368
What is -21322 (base 5) in base 16?
-5b6
What is -5eeb (base 15) in base 10?
-20246
What is -305c (base 13) in base 3?
-100010222
Convert 1010001111001 (base 2) to base 15.
1846
What is -1123400 (base 5) in base 2?
-100111111111011
-2352 (base 7) to base 13
-51c
20142 (base 6) to base 5
41104
What is 1269 (base 11) in base 4?
121300
-7458 (base 13) to base 3
-211010100
Convert -2710a (base 11) to base 7.
-220626
-33405 (base 7) to base 8
-20361
What is 12482 (base 12) in base 15?
757b
1510 (base 8) to base 11
6a4
Convert -553523 (base 6) to base 2.
-1011010001111011
What is 33565 (base 8) in base 13?
6601
Convert 281 (base 15) to base 14.
2cb
Convert -10011011000111 (base 2) to base 10.
-9927
Convert -11400 (base 6) to base 9.
-2240
Convert -370 (base 8) to base 3.
-100012
What is -10001110010 (base 2) in base 4?
-101302
-34251 (base 9) to base 12
-11247
What is 4985 (base 12) in base 10?
8309
2330 (base 9) to base 3
2101000
What is 1100010000 (base 2) in base 11?
653
What is -1246 (base 7) in base 5?
-3400
Convert 24710 (base 8) to base 13.
4b3a
Convert 1220 (base 3) to base 8.
63
Convert 3323 (base 11) to base 16.
111d
What is 18a (base 13) in base 8?
433
Convert 100222200 (base 3) to base 6.
53413
Convert -1430 (base 5) to base 10.
-240
-11222000 (base 3) to base 11
-279a
1101001110 (base 2) to base 11
6aa
-213210 (base 4) to base 9
-3423
522 (base 14) to base 6
4402
-201030 (base 4) to base 11
-1661
What is -bc14 (base 14) in base 12?
-16a0a
What is 13653 (base 11) in base 14?
7110
-33201 (base 6) to base 9
-6281
Convert -d388 (base 16) to base 9.
-82248
Convert -168 (base 15) to base 3.
-102222
Convert 8a1c (base 13) to base 6.
225151
1413420 (base 5) to base 11
1aa68
What is 39a1 (base 14) in base 15?
300c
9e06 (base 16) to base 4
21320012
What is -b09 (base 12) in base 7?
-4434
-4202 (base 5) to base 4
-20220
-1535 (base 13) to base 3
-11020022
Convert 1122 (base 4) to base 7.
156
What is 406 (base 11) in base 12?
34a
Convert -25756 (base 8)